{"id":774,"date":"2022-05-19T07:53:38","date_gmt":"2022-05-19T07:53:38","guid":{"rendered":"https:\/\/kachelstuebchen-burhave.de\/?page_id=774"},"modified":"2024-04-24T20:16:44","modified_gmt":"2024-04-24T20:16:44","slug":"ueber-uns","status":"publish","type":"page","link":"https:\/\/kachelstuebchen-burhave.de\/index.php\/ueber-uns\/","title":{"rendered":"\u00dcber uns"},"content":{"rendered":"<h2>\n<p>Leckere Speisen seit 1991 \u2013 Das Kachelst\u00fcbchen in Butjadingen<\/p>\n<\/h2>\n<ul>\n<li>\n<h3>1975<\/h3>\n<p>Brand im Fischerhaus<\/p>\n<div>\n<p>Nach einem Brand im &#8222;Fischerhaus&#8220; bleiben von dem heutigen Restaurant nur noch die Grundmauern. Zwei Jugendliche aus Burhave hatten das damals ungenutzte, 200 Jahre alte reithgedeckte Haus in Brand gesetzt. Bis Anfang der 1990er Jahre wurde das Haus als Gastronomie betrieben, bis der damalige Eigent\u00fcmer nach Kanada auswanderte.<\/p>\n<\/div>\n<\/li>\n<li>\n<h3>1991<\/h3>\n<p>Das Kachelst\u00fcbchen entsteht<\/p>\n<div>\n<p>Zum 01.03.1991 \u00fcbernehmen\u00a0 Ralph Kr\u00fcmpelmann und Silke Jan\u00dfen das Haus und rufen das Kachelst\u00fcbchen ins Leben. Nachdem das Paar sich trennt, f\u00fchrt Ralph Kr\u00fcmpelmann das Speiselokal 30 Jahre lang erfolgreich fort.<\/p>\n<\/div>\n<\/li>\n<li>\n<h3>2022<\/h3>\n<p>Eigent\u00fcmerwechsel<\/p>\n<div>\n<p>Seit dem 01.02.2022 ist das Kachelst\u00fcbchen in neuen H\u00e4nden: Nachdem Sie zuvor reichlich Erfahrung in renommierten Restaurants, zuletzt in Hamburg sammeln durften, entschlie\u00dfen sich Tatjana und Daniel Scheffel in die Selbstst\u00e4ndigkeit zu starten. Durch eine umfassende Modernisierung des Restaurants und mit neuen Ideen setzen sie die Tradition des Kachelst\u00fcbchens zukunftsbewusst fort.<\/p>\n<\/div>\n<\/li>\n<\/ul>\n<p><img decoding=\"async\" src=\"\/wp-content\/uploads\/2022\/05\/186A1358-scaled.jpg\" alt=\"\"><br \/>\n<img decoding=\"async\" src=\"\/wp-content\/uploads\/2022\/05\/186A1401-scaled.jpg\" alt=\"\"><br \/>\n<img decoding=\"async\" src=\"\/wp-content\/uploads\/2022\/05\/186A1483-scaled.jpg\" alt=\"\"><br \/>\n<img decoding=\"async\" src=\"\/wp-content\/uploads\/2022\/05\/186A1464-scaled.jpg\" alt=\"\"><br \/>\n<img decoding=\"async\" src=\"\/wp-content\/uploads\/2022\/05\/186A1470-scaled.jpg\" alt=\"\"><br \/>\n<img decoding=\"async\" src=\"\/wp-content\/uploads\/2022\/06\/186A1518-scaled.jpg\" alt=\"\"><\/p>\n<div>Regionale Speisen genie\u00dfen<\/div>\n<div>Lust auf Essen an der frischen Luft? Genie\u00dfen Sie Ihre Mahlzeit im Gr\u00fcnen an einem unserer vielen Au\u00dfentische. Guten Appetit!<\/div>\n<p><img decoding=\"async\" src=\"\/wp-content\/uploads\/2022\/05\/186A1387-scaled.jpg\" alt=\"\"><br \/>\n<img decoding=\"async\" src=\"\/wp-content\/uploads\/2022\/05\/186A1388-scaled.jpg\" alt=\"\"><br \/>\n<img decoding=\"async\" src=\"\/wp-content\/uploads\/2022\/05\/186A1489-scaled.jpg\" alt=\"\"><\/p>\n<h1>Nie mehr Neuigkeiten verpassen<\/h1>\n<div>\n<p>Folgen Sie uns auf unseren Social Media Kan\u00e4len und bleiben Sie informiert \u00fcber neue Speisen und Events!<\/p>\n<\/div>\n<ul>\n<li>\n        <a href=\"https:\/\/www.facebook.com\/Restaurant-Kachelst%C3%BCbchen-Burhave-114006721190776\/\">Facebook<\/a>\n    <\/li>\n<li>\n        <a href=\"https:\/\/www.instagram.com\/kachelstuebchen\/\">Instagram<\/a>\n    <\/li>\n<\/ul>\n<p><img decoding=\"async\" src=\"\/wp-content\/uploads\/2022\/05\/186A1468-scaled.jpg\" alt=\"\"><\/p>\n<ul>\n<li>\n<p>        <img decoding=\"async\" src=\"\/wp-content\/uploads\/2022\/05\/186A1335-scaled.jpg\" alt=\"\"><\/p>\n<\/li>\n<li>\n<p>        <img decoding=\"async\" src=\"\/wp-content\/uploads\/2022\/05\/186A1359-scaled.jpg\" alt=\"\"><\/p>\n<\/li>\n<li>\n<p>        <img decoding=\"async\" src=\"\/wp-content\/uploads\/2022\/05\/186A1338-scaled.jpg\" alt=\"\"><\/p>\n<\/li>\n<\/ul>\n<p><!--more--><br \/>\n<!-- {\"name\":\"About Us\",\"type\":\"layout\",\"children\":[{\"name\":\"Team\",\"type\":\"section\",\"props\":{\"style\":\"default\",\"width\":\"large\",\"vertical_align\":\"middle\",\"title_position\":\"top-left\",\"title_rotation\":\"left\",\"title_breakpoint\":\"xl\",\"image_position\":\"center-center\",\"padding\":\"xlarge\",\"image\":\"wp-content\\\/uploads\\\/2022\\\/05\\\/186A1378-scaled.jpg\",\"image_size\":\"cover\",\"image_effect\":\"parallax\",\"image_width\":\"2560\",\"image_parallax_breakpoint\":\"m\",\"padding_remove_top\":false,\"padding_remove_bottom\":false,\"video\":\"\",\"animation_delay\":false,\"css\":\"@media (min-width: 1200px)  {\\n    .el-section > div > div {\\n        margin-top: 150px;\\n    }\\n}\",\"image_parallax_bgy_start\":\"20\",\"image_parallax_bgy_end\":\"-80\"},\"children\":[{\"name\":\"\",\"type\":\"row\",\"props\":{\"layout\":\"1-2,1-2\",\"match\":false},\"children\":[{\"name\":\"\",\"type\":\"column\",\"props\":{\"image_position\":\"center-center\",\"vertical_align\":\"bottom\",\"media_overlay_gradient\":\"\",\"width_small\":\"1-2\",\"position_sticky_breakpoint\":\"m\"},\"children\":[]},{\"name\":\"\",\"type\":\"column\",\"props\":{\"image_position\":\"center-center\",\"media_overlay_gradient\":\"\",\"width_small\":\"1-2\",\"position_sticky_breakpoint\":\"m\"},\"children\":[]}]}]},{\"name\":\"History\",\"type\":\"section\",\"props\":{\"style\":\"default\",\"width\":\"large\",\"vertical_align\":\"middle\",\"title_position\":\"top-left\",\"title_rotation\":\"left\",\"title_breakpoint\":\"xl\",\"image_position\":\"bottom-left\",\"padding_remove_bottom\":false,\"padding\":\"large\",\"image\":\"wp-content\\\/uploads\\\/2022\\\/05\\\/anker.svg\",\"image_width\":\"450\",\"image_effect\":\"parallax\",\"image_parallax_bgy_end\":\"-90\",\"media_overlay\":\"rgba(255, 255, 255, 0.34)\"},\"children\":[{\"name\":\"\",\"type\":\"row\",\"props\":{\"layout\":\"2-5,3-5\",\"margin\":\"xlarge\",\"column_gap\":\"large\",\"row_gap\":\"large\"},\"children\":[{\"name\":\"\",\"type\":\"column\",\"props\":{\"image_position\":\"center-center\",\"media_overlay_gradient\":\"\",\"width_medium\":\"2-5\",\"position_sticky_breakpoint\":\"m\"},\"children\":[{\"name\":\"\",\"type\":\"headline\",\"props\":{\"title_element\":\"h2\",\"title_style\":\"heading-large\",\"text_align\":\"right\",\"text_align_breakpoint\":\"m\",\"text_align_fallback\":\"center\",\"maxwidth\":\"xlarge\",\"maxwidth_breakpoint\":\"m\",\"animation\":\"none\",\"content\":\"\n\n<p>Leckere Speisen seit 1991 \\u2013 Das Kachelst\\u00fcbchen in Butjadingen<\\\/p>\",\"parallax_breakpoint\":\"m\",\"margin_remove_top\":true,\"parallax_y_start\":\"20\",\"parallax_y_end\":\"0\",\"parallax_opacity_start\":\"0.3\",\"parallax_opacity_end\":\"1\",\"parallax_viewport\":\"0.3\",\"block_align\":\"right\",\"title_color\":\"primary\"}}]},{\"name\":\"\",\"type\":\"column\",\"props\":{\"image_position\":\"center-center\",\"media_overlay_gradient\":\"\",\"width_medium\":\"3-5\",\"position_sticky_breakpoint\":\"m\"},\"children\":[{\"name\":\"\",\"type\":\"description_list\",\"props\":{\"show_title\":true,\"show_meta\":true,\"show_content\":true,\"show_link\":true,\"layout\":\"grid-2\",\"meta_style\":\"h2\",\"meta_align\":\"above-content\",\"title_style\":\"h2\",\"text_align\":\"left\",\"text_align_breakpoint\":\"m\",\"text_align_fallback\":\"left\",\"maxwidth\":\"xlarge\",\"animation\":\"none\",\"list_size\":\"large\",\"title_colon\":false,\"parallax_breakpoint\":\"m\",\"parallax_x_start\":\"350\",\"parallax_x_end\":\"0\",\"parallax_easing\":\"0.5\",\"parallax_opacity_start\":\"0\",\"parallax_opacity_end\":\"1\",\"parallax_scale_start\":\"0.5\",\"block_align\":\"center\",\"title_grid_column_gap\":\"medium\",\"title_grid_row_gap\":\"medium\",\"title_grid_breakpoint\":\"\",\"title_grid_width\":\"auto\",\"title_element\":\"div\",\"list_element\":\"ul\",\"column_breakpoint\":\"m\",\"meta_color\":\"primary\"},\"children\":[{\"name\":\"\",\"type\":\"description_list_item\",\"props\":{\"title\":\"1975\",\"content\":\"\n\n<p>Nach einem Brand im \\\"Fischerhaus\\\" bleiben von dem heutigen Restaurant nur noch die Grundmauern. Zwei Jugendliche aus Burhave hatten das damals ungenutzte, 200 Jahre alte reithgedeckte Haus in Brand gesetzt. Bis Anfang der 1990er Jahre wurde das Haus als Gastronomie betrieben, bis der damalige Eigent\\u00fcmer nach Kanada auswanderte.<\\\/p>\",\"meta\":\"Brand im Fischerhaus\"}},{\"name\":\"\",\"type\":\"description_list_item\",\"props\":{\"title\":\"1991\",\"content\":\"\n\n<p>Zum 01.03.1991 \\u00fcbernehmen\\u00a0 Ralph Kr\\u00fcmpelmann und Silke Jan\\u00dfen das Haus und rufen das Kachelst\\u00fcbchen ins Leben. Nachdem das Paar sich trennt, f\\u00fchrt Ralph Kr\\u00fcmpelmann das Speiselokal 30 Jahre lang erfolgreich fort.<\\\/p>\",\"meta\":\"Das Kachelst\\u00fcbchen entsteht\"}},{\"name\":\"\",\"type\":\"description_list_item\",\"props\":{\"title\":\"2022\",\"content\":\"\n\n<p>Seit dem 01.02.2022 ist das Kachelst\\u00fcbchen in neuen H\\u00e4nden: Nachdem Sie zuvor reichlich Erfahrung in renommierten Restaurants, zuletzt in Hamburg sammeln durften, entschlie\\u00dfen sich Tatjana und Daniel Scheffel in die Selbstst\\u00e4ndigkeit zu starten. Durch eine umfassende Modernisierung des Restaurants und mit neuen Ideen setzen sie die Tradition des Kachelst\\u00fcbchens zukunftsbewusst fort.<\\\/p>\",\"meta\":\"Eigent\\u00fcmerwechsel\"}}]}]}]}]},{\"name\":\"Gallery\",\"type\":\"section\",\"props\":{\"width\":\"large\",\"padding\":\"xlarge\",\"style\":\"default\",\"padding_remove_top\":true,\"vertical_align\":\"middle\",\"title_position\":\"top-left\",\"title_rotation\":\"left\",\"title_breakpoint\":\"xl\",\"image_position\":\"center-center\",\"image\":\"\",\"padding_remove_bottom\":false,\"image_effect\":\"parallax\",\"animation\":\"fade\"},\"children\":[{\"name\":\"\",\"type\":\"row\",\"props\":{\"layout\":\"1-2,1-2\",\"match\":true,\"vertical_align\":false},\"children\":[{\"name\":\"\",\"type\":\"column\",\"props\":{\"image_position\":\"center-center\",\"media_overlay_gradient\":\"\",\"width_medium\":\"1-2\",\"position_sticky_breakpoint\":\"m\"},\"children\":[{\"name\":\"\",\"type\":\"image\",\"props\":{\"inline_align\":\"\",\"margin\":\"\",\"image\":\"wp-content\\\/uploads\\\/2022\\\/05\\\/186A1358-scaled.jpg\",\"image_height\":\"660\",\"image_width\":\"700\",\"image_alt\":\"\",\"link\":\"\",\"text_align\":\"left\",\"text_align_breakpoint\":\"m\",\"text_align_fallback\":\"center\",\"image_svg_color\":\"emphasis\"}}]},{\"name\":\"\",\"type\":\"column\",\"props\":{\"image_position\":\"center-center\",\"media_overlay_gradient\":\"\",\"width_medium\":\"1-2\",\"position_sticky_breakpoint\":\"m\"},\"children\":[{\"name\":\"\",\"type\":\"image\",\"props\":{\"inline_align\":\"\",\"margin\":\"xlarge\",\"image\":\"wp-content\\\/uploads\\\/2022\\\/05\\\/186A1401-scaled.jpg\",\"image_width\":\"920\",\"image_alt\":\"\",\"link\":\"\",\"text_align\":\"left\",\"block_align\":\"right\",\"image_svg_color\":\"emphasis\"}}]}]},{\"name\":\"\",\"type\":\"row\",\"props\":{\"layout\":\"1-3,1-3,1-3\"},\"children\":[{\"name\":\"\",\"type\":\"column\",\"props\":{\"image_position\":\"center-center\",\"media_overlay_gradient\":\"\",\"width_medium\":\"1-3\",\"position_sticky_breakpoint\":\"m\"},\"children\":[{\"name\":\"\",\"type\":\"image\",\"props\":{\"inline_align\":\"\",\"margin\":\"\",\"image\":\"wp-content\\\/uploads\\\/2022\\\/05\\\/186A1483-scaled.jpg\",\"image_width\":\"920\",\"image_alt\":\"\",\"link\":\"\",\"text_align\":\"left\",\"image_svg_color\":\"emphasis\",\"image_height\":\"700\"}},{\"name\":\"\",\"type\":\"image\",\"props\":{\"inline_align\":\"\",\"margin\":\"medium\",\"image\":\"wp-content\\\/uploads\\\/2022\\\/05\\\/186A1464-scaled.jpg\",\"image_width\":\"920\",\"image_alt\":\"\",\"link\":\"\",\"text_align\":\"left\",\"image_svg_color\":\"emphasis\",\"image_height\":\"600\"}}]},{\"name\":\"\",\"type\":\"column\",\"props\":{\"image_position\":\"center-center\",\"media_overlay_gradient\":\"\",\"width_medium\":\"1-3\",\"position_sticky_breakpoint\":\"m\"},\"children\":[{\"name\":\"\",\"type\":\"image\",\"props\":{\"inline_align\":\"\",\"margin\":\"\",\"image\":\"wp-content\\\/uploads\\\/2022\\\/05\\\/186A1470-scaled.jpg\",\"image_alt\":\"\",\"image_width\":\"920\",\"link\":\"\",\"text_align\":\"left\",\"image_svg_color\":\"emphasis\"}}]},{\"name\":\"\",\"type\":\"column\",\"props\":{\"image_position\":\"center-center\",\"media_overlay_gradient\":\"\",\"width_medium\":\"1-3\",\"position_sticky_breakpoint\":\"m\"},\"children\":[{\"name\":\"\",\"type\":\"image\",\"props\":{\"inline_align\":\"\",\"margin\":\"\",\"image\":\"wp-content\\\/uploads\\\/2022\\\/06\\\/186A1518-scaled.jpg\",\"image_width\":\"920\",\"image_alt\":\"\",\"link\":\"\",\"text_align\":\"left\",\"maxwidth\":\"medium\",\"maxwidth_breakpoint\":\"m\",\"image_svg_color\":\"emphasis\",\"image_height\":\"920\"}}]}]},{\"name\":\"\",\"type\":\"row\",\"props\":{\"layout\":\"3-5,2-5\",\"height\":\"percent\"},\"children\":[{\"name\":\"\",\"type\":\"column\",\"props\":{\"image_position\":\"center-center\",\"media_overlay_gradient\":\"\",\"width_medium\":\"3-5\",\"position_sticky_breakpoint\":\"m\",\"vertical_align\":\"middle\",\"image\":\"wp-content\\\/uploads\\\/2022\\\/05\\\/hummer.svg\"},\"children\":[{\"name\":\"\",\"type\":\"headline\",\"props\":{\"title_element\":\"div\",\"title_style\":\"heading-large\",\"title_color\":\"primary\",\"text_align\":\"left\",\"text_align_breakpoint\":\"m\",\"text_align_fallback\":\"center\",\"animation\":\"none\",\"content\":\"Regionale Speisen genie\\u00dfen\",\"parallax_breakpoint\":\"m\",\"parallax_y_start\":\"15\",\"parallax_y_end\":\"0\",\"parallax_opacity_start\":\"0.3\",\"parallax_opacity_end\":\"1\",\"parallax_viewport\":\"0.3\",\"block_align\":\"center\",\"margin\":\"default\",\"maxwidth\":\"large\"}},{\"name\":\"\",\"type\":\"text\",\"props\":{\"margin\":\"default\",\"column_breakpoint\":\"m\",\"content\":\"Lust auf Essen an der frischen Luft? Genie\\u00dfen Sie Ihre Mahlzeit im Gr\\u00fcnen an einem unserer vielen Au\\u00dfentische. Guten Appetit!\",\"maxwidth\":\"large\",\"text_align\":\"left\",\"text_align_breakpoint\":\"m\",\"text_align_fallback\":\"center\",\"maxwidth_breakpoint\":\"m\",\"block_align\":\"center\"}}]},{\"name\":\"\",\"type\":\"column\",\"props\":{\"image_position\":\"center-center\",\"media_overlay_gradient\":\"\",\"width_medium\":\"2-5\",\"position_sticky_breakpoint\":\"m\"},\"children\":[{\"name\":\"\",\"type\":\"image\",\"props\":{\"inline_align\":\"\",\"margin\":\"\",\"image\":\"wp-content\\\/uploads\\\/2022\\\/05\\\/186A1387-scaled.jpg\",\"image_width\":\"920\",\"image_alt\":\"\",\"link\":\"\",\"text_align\":\"left\",\"maxwidth\":\"xlarge\",\"maxwidth_breakpoint\":\"m\",\"image_svg_color\":\"emphasis\"}},{\"name\":\"\",\"type\":\"image\",\"props\":{\"inline_align\":\"\",\"margin\":\"medium\",\"image\":\"wp-content\\\/uploads\\\/2022\\\/05\\\/186A1388-scaled.jpg\",\"image_width\":\"900\",\"image_alt\":\"\",\"link\":\"\",\"text_align\":\"left\",\"maxwidth\":\"medium\",\"maxwidth_breakpoint\":\"m\",\"image_svg_color\":\"emphasis\",\"image_height\":\"1500\"}}]}]},{\"name\":\"\",\"type\":\"row\",\"props\":{\"layout\":\"1-3,2-3\"},\"children\":[{\"name\":\"\",\"type\":\"column\",\"props\":{\"image_position\":\"center-center\",\"media_overlay_gradient\":\"\",\"width_medium\":\"1-3\",\"position_sticky_breakpoint\":\"m\"},\"children\":[{\"name\":\"\",\"type\":\"image\",\"props\":{\"margin\":\"default\",\"image\":\"wp-content\\\/uploads\\\/2022\\\/05\\\/186A1489-scaled.jpg\",\"image_width\":\"800\",\"image_height\":\"600\",\"text_align\":\"left\",\"text_align_breakpoint\":\"m\",\"text_align_fallback\":\"center\",\"image_svg_color\":\"emphasis\"}},{\"type\":\"headline\",\"props\":{\"title_element\":\"h1\",\"content\":\"Nie mehr Neuigkeiten verpassen\",\"title_style\":\"heading-medium\",\"title_color\":\"primary\"}},{\"type\":\"text\",\"props\":{\"margin\":\"default\",\"column_breakpoint\":\"m\",\"content\":\"\n\n<p>Folgen Sie uns auf unseren Social Media Kan\\u00e4len und bleiben Sie informiert \\u00fcber neue Speisen und Events!<\\\/p>\"}},{\"name\":\"\",\"type\":\"button\",\"props\":{\"margin\":\"default\",\"text_align\":\"left\",\"text_align_breakpoint\":\"m\",\"text_align_fallback\":\"center\",\"grid_column_gap\":\"small\",\"grid_row_gap\":\"small\"},\"children\":[{\"name\":\"\",\"type\":\"button_item\",\"props\":{\"button_style\":\"primary\",\"icon_align\":\"left\",\"content\":\"Facebook\",\"link_target\":\"blank\",\"link\":\"https:\\\/\\\/www.facebook.com\\\/Restaurant-Kachelst%C3%BCbchen-Burhave-114006721190776\\\/\"}},{\"name\":\"\",\"type\":\"button_item\",\"props\":{\"button_style\":\"primary\",\"icon_align\":\"left\",\"content\":\"Instagram\",\"link_target\":\"blank\",\"link\":\"https:\\\/\\\/www.instagram.com\\\/kachelstuebchen\\\/\"}}]}]},{\"name\":\"\",\"type\":\"column\",\"props\":{\"image_position\":\"center-center\",\"media_overlay_gradient\":\"\",\"width_medium\":\"2-3\",\"position_sticky_breakpoint\":\"m\"},\"children\":[{\"name\":\"\",\"type\":\"image\",\"props\":{\"margin\":\"default\",\"image\":\"wp-content\\\/uploads\\\/2022\\\/05\\\/186A1468-scaled.jpg\",\"image_width\":\"780\",\"image_height\":\"500\",\"text_align\":\"left\",\"text_align_breakpoint\":\"m\",\"text_align_fallback\":\"center\",\"image_svg_color\":\"emphasis\"}},{\"type\":\"grid\",\"props\":{\"show_title\":true,\"show_meta\":true,\"show_content\":true,\"show_image\":true,\"show_link\":true,\"grid_default\":\"1\",\"grid_medium\":\"3\",\"filter_style\":\"tab\",\"filter_all\":true,\"filter_position\":\"top\",\"filter_align\":\"left\",\"filter_grid_width\":\"auto\",\"filter_grid_breakpoint\":\"m\",\"title_hover_style\":\"reset\",\"title_element\":\"h3\",\"title_align\":\"top\",\"title_grid_width\":\"1-2\",\"title_grid_breakpoint\":\"m\",\"meta_style\":\"meta\",\"meta_align\":\"below-title\",\"meta_element\":\"div\",\"content_column_breakpoint\":\"m\",\"icon_width\":80,\"image_align\":\"top\",\"image_grid_width\":\"1-2\",\"image_grid_breakpoint\":\"m\",\"image_svg_color\":\"emphasis\",\"link_text\":\"Read more\",\"link_style\":\"default\",\"margin\":\"medium\",\"item_animation\":true,\"title_margin\":\"large\"},\"children\":[{\"type\":\"grid_item\",\"props\":{\"image\":\"wp-content\\\/uploads\\\/2022\\\/05\\\/186A1335-scaled.jpg\"}},{\"type\":\"grid_item\",\"props\":{\"image\":\"wp-content\\\/uploads\\\/2022\\\/05\\\/186A1359-scaled.jpg\"}},{\"type\":\"grid_item\",\"props\":{\"image\":\"wp-content\\\/uploads\\\/2022\\\/05\\\/186A1338-scaled.jpg\"}}]}]}]}]}],\"version\":\"2.7.22\"} --><\/p>\n","protected":false},"excerpt":{"rendered":"<p>Leckere Speisen seit 1991 \u2013 Das Kachelst\u00fcbchen in Butjadingen 1975 Brand im Fischerhaus Nach einem Brand im &#8222;Fischerhaus&#8220; bleiben von dem heutigen Restaurant nur noch die Grundmauern. Zwei Jugendliche aus Burhave hatten das damals ungenutzte, 200 Jahre alte reithgedeckte Haus in Brand gesetzt. Bis Anfang der 1990er Jahre wurde das Haus als Gastronomie betrieben, bis [&hellip;]<\/p>\n","protected":false},"author":2,"featured_media":0,"parent":0,"menu_order":0,"comment_status":"closed","ping_status":"closed","template":"","meta":{"footnotes":""},"class_list":["post-774","page","type-page","status-publish","hentry"],"yoast_head":"<!-- This site is optimized with the Yoast SEO plugin v19.4 - https:\/\/yoast.com\/wordpress\/plugins\/seo\/ -->\n<title>\u00dcber uns - Kachelst\u00fcbchen Burhave<\/title>\n<meta name=\"robots\" content=\"index, follow, max-snippet:-1, max-image-preview:large, max-video-preview:-1\" \/>\n<link rel=\"canonical\" href=\"https:\/\/kachelstuebchen-burhave.de\/index.php\/ueber-uns\/\" \/>\n<meta property=\"og:locale\" content=\"de_DE\" \/>\n<meta property=\"og:type\" content=\"article\" \/>\n<meta property=\"og:title\" content=\"\u00dcber uns - Kachelst\u00fcbchen Burhave\" \/>\n<meta property=\"og:description\" content=\"Leckere Speisen seit 1991 \u2013 Das Kachelst\u00fcbchen in Butjadingen 1975 Brand im Fischerhaus Nach einem Brand im &#8222;Fischerhaus&#8220; bleiben von dem heutigen Restaurant nur noch die Grundmauern. Zwei Jugendliche aus Burhave hatten das damals ungenutzte, 200 Jahre alte reithgedeckte Haus in Brand gesetzt. Bis Anfang der 1990er Jahre wurde das Haus als Gastronomie betrieben, bis [&hellip;]\" \/>\n<meta property=\"og:url\" content=\"https:\/\/kachelstuebchen-burhave.de\/index.php\/ueber-uns\/\" \/>\n<meta property=\"og:site_name\" content=\"Kachelst\u00fcbchen Burhave\" \/>\n<meta property=\"article:modified_time\" content=\"2024-04-24T20:16:44+00:00\" \/>\n<meta name=\"twitter:card\" content=\"summary_large_image\" \/>\n<meta name=\"twitter:label1\" content=\"Gesch\u00e4tzte Lesezeit\" \/>\n\t<meta name=\"twitter:data1\" content=\"1\u00a0Minute\" \/>\n<script type=\"application\/ld+json\" class=\"yoast-schema-graph\">{\"@context\":\"https:\/\/schema.org\",\"@graph\":[{\"@type\":\"WebSite\",\"@id\":\"https:\/\/kachelstuebchen-burhave.de\/#website\",\"url\":\"https:\/\/kachelstuebchen-burhave.de\/\",\"name\":\"Kachelst\u00fcbchen Burhave\",\"description\":\"Ihr Traditions-Restaurant in Butjadingen Burhave\",\"potentialAction\":[{\"@type\":\"SearchAction\",\"target\":{\"@type\":\"EntryPoint\",\"urlTemplate\":\"https:\/\/kachelstuebchen-burhave.de\/?s={search_term_string}\"},\"query-input\":\"required name=search_term_string\"}],\"inLanguage\":\"de\"},{\"@type\":\"WebPage\",\"@id\":\"https:\/\/kachelstuebchen-burhave.de\/index.php\/ueber-uns\/\",\"url\":\"https:\/\/kachelstuebchen-burhave.de\/index.php\/ueber-uns\/\",\"name\":\"\u00dcber uns - Kachelst\u00fcbchen Burhave\",\"isPartOf\":{\"@id\":\"https:\/\/kachelstuebchen-burhave.de\/#website\"},\"datePublished\":\"2022-05-19T07:53:38+00:00\",\"dateModified\":\"2024-04-24T20:16:44+00:00\",\"breadcrumb\":{\"@id\":\"https:\/\/kachelstuebchen-burhave.de\/index.php\/ueber-uns\/#breadcrumb\"},\"inLanguage\":\"de\",\"potentialAction\":[{\"@type\":\"ReadAction\",\"target\":[\"https:\/\/kachelstuebchen-burhave.de\/index.php\/ueber-uns\/\"]}]},{\"@type\":\"BreadcrumbList\",\"@id\":\"https:\/\/kachelstuebchen-burhave.de\/index.php\/ueber-uns\/#breadcrumb\",\"itemListElement\":[{\"@type\":\"ListItem\",\"position\":1,\"name\":\"Startseite\",\"item\":\"https:\/\/kachelstuebchen-burhave.de\/\"},{\"@type\":\"ListItem\",\"position\":2,\"name\":\"\u00dcber uns\"}]}]}<\/script>\n<!-- \/ Yoast SEO plugin. -->","yoast_head_json":{"title":"\u00dcber uns - Kachelst\u00fcbchen Burhave","robots":{"index":"index","follow":"follow","max-snippet":"max-snippet:-1","max-image-preview":"max-image-preview:large","max-video-preview":"max-video-preview:-1"},"canonical":"https:\/\/kachelstuebchen-burhave.de\/index.php\/ueber-uns\/","og_locale":"de_DE","og_type":"article","og_title":"\u00dcber uns - Kachelst\u00fcbchen Burhave","og_description":"Leckere Speisen seit 1991 \u2013 Das Kachelst\u00fcbchen in Butjadingen 1975 Brand im Fischerhaus Nach einem Brand im &#8222;Fischerhaus&#8220; bleiben von dem heutigen Restaurant nur noch die Grundmauern. Zwei Jugendliche aus Burhave hatten das damals ungenutzte, 200 Jahre alte reithgedeckte Haus in Brand gesetzt. Bis Anfang der 1990er Jahre wurde das Haus als Gastronomie betrieben, bis [&hellip;]","og_url":"https:\/\/kachelstuebchen-burhave.de\/index.php\/ueber-uns\/","og_site_name":"Kachelst\u00fcbchen Burhave","article_modified_time":"2024-04-24T20:16:44+00:00","twitter_card":"summary_large_image","twitter_misc":{"Gesch\u00e4tzte Lesezeit":"1\u00a0Minute"},"schema":{"@context":"https:\/\/schema.org","@graph":[{"@type":"WebSite","@id":"https:\/\/kachelstuebchen-burhave.de\/#website","url":"https:\/\/kachelstuebchen-burhave.de\/","name":"Kachelst\u00fcbchen Burhave","description":"Ihr Traditions-Restaurant in Butjadingen Burhave","potentialAction":[{"@type":"SearchAction","target":{"@type":"EntryPoint","urlTemplate":"https:\/\/kachelstuebchen-burhave.de\/?s={search_term_string}"},"query-input":"required name=search_term_string"}],"inLanguage":"de"},{"@type":"WebPage","@id":"https:\/\/kachelstuebchen-burhave.de\/index.php\/ueber-uns\/","url":"https:\/\/kachelstuebchen-burhave.de\/index.php\/ueber-uns\/","name":"\u00dcber uns - Kachelst\u00fcbchen Burhave","isPartOf":{"@id":"https:\/\/kachelstuebchen-burhave.de\/#website"},"datePublished":"2022-05-19T07:53:38+00:00","dateModified":"2024-04-24T20:16:44+00:00","breadcrumb":{"@id":"https:\/\/kachelstuebchen-burhave.de\/index.php\/ueber-uns\/#breadcrumb"},"inLanguage":"de","potentialAction":[{"@type":"ReadAction","target":["https:\/\/kachelstuebchen-burhave.de\/index.php\/ueber-uns\/"]}]},{"@type":"BreadcrumbList","@id":"https:\/\/kachelstuebchen-burhave.de\/index.php\/ueber-uns\/#breadcrumb","itemListElement":[{"@type":"ListItem","position":1,"name":"Startseite","item":"https:\/\/kachelstuebchen-burhave.de\/"},{"@type":"ListItem","position":2,"name":"\u00dcber uns"}]}]}},"_links":{"self":[{"href":"https:\/\/kachelstuebchen-burhave.de\/index.php\/wp-json\/wp\/v2\/pages\/774","targetHints":{"allow":["GET"]}}],"collection":[{"href":"https:\/\/kachelstuebchen-burhave.de\/index.php\/wp-json\/wp\/v2\/pages"}],"about":[{"href":"https:\/\/kachelstuebchen-burhave.de\/index.php\/wp-json\/wp\/v2\/types\/page"}],"author":[{"embeddable":true,"href":"https:\/\/kachelstuebchen-burhave.de\/index.php\/wp-json\/wp\/v2\/users\/2"}],"replies":[{"embeddable":true,"href":"https:\/\/kachelstuebchen-burhave.de\/index.php\/wp-json\/wp\/v2\/comments?post=774"}],"version-history":[{"count":105,"href":"https:\/\/kachelstuebchen-burhave.de\/index.php\/wp-json\/wp\/v2\/pages\/774\/revisions"}],"predecessor-version":[{"id":1246,"href":"https:\/\/kachelstuebchen-burhave.de\/index.php\/wp-json\/wp\/v2\/pages\/774\/revisions\/1246"}],"wp:attachment":[{"href":"https:\/\/kachelstuebchen-burhave.de\/index.php\/wp-json\/wp\/v2\/media?parent=774"}],"curies":[{"name":"wp","href":"https:\/\/api.w.org\/{rel}","templated":true}]}}